5. What is f(-15)?
-5
Let c(b) = 16*b**3 - 60*b**2 - 9*b + 21. Calculate c(4).
49
Let f(o) = 465*o**2 - 7899*o + 38. Calculate f(17).
140
Let l(g) = g**2 - 24704*g + 172897. Give l(7).
18
Let d(t) = t**2 - 1598*t - 62158. Give d(-38).
10
Let a(d) = 252092*d + 4285574. Calculate a(-17).
10
Let u(i) = -i**3 - 45*i**2 + 141*i - 165. Calculate u(-48).
-21
Let h(a) = -1800*a - 3721. Determine h(-2).
-121
Let c(w) = -w**3 + 28*w**2 - 215*w + 156. What is c(8)?
-284
Let o(y) = 32*y**2 + 729*y + 16. Give o(-24).
952
Let n(o) = -5*o**2 - 75*o + 179282. Determine n(-197).
12
Let d(r) = -108*r**2 + 6352*r + 1189. Calculate d(59).
9
Let b(x) = -2*x**3 + 388*x**2 - 5354*x - 2864. Determine b(179).
0
Let f(g) = g**3 - 2*g**2 + 86*g + 296. What is f(-3)?
-7
Let x(s) = s**3 + 624*s**2 + 8256*s + 4060. Give x(-13).
-9
Let w(y) = 16182*y - 566371. Give w(35).
-1
Let x(i) = -10*i**3 - 188*i**2 + 46*i + 154. Calculate x(-19).
2
Let a(y) = y**3 + 50*y**2 - 713*y - 6776. Give a(-60).
4
Let v(i) = -2558*i - 2708927. What is v(-1059)?
-5
Let g(p) = p**2 + 4560*p - 1893176. Calculate g(383).
-7
Let k(i) = 20926*i - 438467. What is k(21)?
979
Let d(k) = -11*k**3 - 165*k**2 - k - 11. Determine d(-15).
4
Let d(z) = z**3 - 139*z**2 - 428*z + 332. Calculate d(142).
48
Let x(s) = -s**2 + 69*s - 291. What is x(68)?
-223
Let z(c) = -2*c**3 - 53*c**2 - 332*c - 4529. Calculate z(-23).
-596
Let j(r) = -21613*r + 3133877. Give j(145).
-8
Let o(n) = -76354*n - 687457. Give o(-9).
-271
Let k(l) = 73*l - 4450. Give k(65).
295
Let i(v) = 439*v - 4756. Calculate i(11).
73
Let u(v) = -v**3 - 8*v**2 + 173493*v + 1214495. Calculate u(-7).
-5
Let c(w) = -3*w**3 - 293*w**2 - 209*w - 1591. Calculate c(-97).
-136
Let n(o) = 24656*o + 123323. Determine n(-5).
43
Let p(w) = -3*w**2 + 1301*w + 95548. Give p(-64).
-4
Let w(b) = -23*b - 841. Determine w(-27).
-220
Let p(i) = 1245*i - 58503. Determine p(47).
12
Let u(y) = y**3 + 444*y**2 - 6119*y + 2349. Calculate u(13).
35
Let z(v) = 105*v + 5701. Calculate z(-48).
661
Let q(p) = -6*p**3 + 812*p**2 - 297*p - 202. Determine q(135).
-3847
Let c(g) = 147*g**2 - 357*g + 114. Give c(2).
-12
Let l(h) = 63590*h + 6740559. Calculate l(-106).
19
Let q(g) = -4*g**3 + 108*g**2 + 128*g - 398. Determine q(28).
50
Let o(c) = 8*c**2 - 822*c + 15953. Give o(26).
-11
Let v(y) = -y**3 - 99*y**2 + 1972*y + 195223. Give v(-99).
-5
Let n(i) = 29258*i - 49124181. Give n(1679).
1
Let t(n) = -49*n**3 - 2548*n**2 + 99*n + 5129. Give t(-52).
-19
Let y(t) = 2*t**3 + 2*t**2 + 535*t - 2986. Give y(5).
-11
Let o(b) = -b**3 - 263*b**2 + 1635*b - 140. Determine o(6).
-14
Let h(t) = -851*t - 197020. What is h(-231)?
-439
Let t(m) = 2322299*m + 27867588. What is t(-12)?
0
Let w(n) = -n**2 + 29*n + 29812. Give w(187).
266
Let d(q) = 6*q**3 + 47*q**2 + 209*q - 781. Calculate d(-8).
-2517
Let i(r) = 62130*r - 124245. What is i(2)?
15
Let x(a) = -199*a - 65320. Calculate x(-331).
549
Let a(g) = 396*g - 378. Determine a(-2).
-1170
Let z(j) = -999*j - 22689. Give z(-19).
-3708
Let o(p) = 63*p + 1028. Give o(-24).
-484
Let s(z) = -z**2 - 1425050*z + 37051966. Determine s(26).
-10
Let n(k) = -49562*k - 2924159. Calculate n(-59).
-1
Let g(p) = p**3 - 104*p**2 + 213*p - 1082. Give g(102).
-164
Let r(p) = p**2 + 1565*p + 82994. Give r(-55).
-56
Let g(i) = 566*i**2 - 1655*i + 1655. Determine g(1).
566
Let o(l) = -6*l**2 - 619*l + 3886. What is o(6)?
-44
Let o(a) = -4710*a + 207164. Calculate o(44).
-76
Let h(q) = q**3 + 16*q**2 + 13*q - 300. What is h(-13)?
38
Let p(n) = n**2 - 240*n + 14345. Determine p(125).
-30
Let j(i) = 129*i**2 - 127164*i - 156945. What is j(987)?
-12
Let v(q) = -61*q**2 + 1521*q - 4554. Determine v(3).
-540
Let s(p) = p**3 - 130*p**2 + 67*p + 5279. Give s(129).
-2719
Let h(a) = 850*a + 68876. Give h(-81).
26
Let u(i) = 2*i**2 - 5541*i - 22210. What is u(-4)?
-14
Let y(g) = -g**2 + 3049*g + 227900. Give y(-73).
-6
Let q(s) = -4*s**2 + 26937*s + 107806. Calculate q(-4).
-6
Let s(d) = -1016*d - 25417. Determine s(-25).
-17
Let p(m) = -2722*m - 78952. What is p(-29)?
-14
Let a(z) = -2*z**2 - 321*z - 7297. What is a(-116)?
3027
Let q(g) = 5*g**2 - 3847*g + 7677. Give q(2).
3
Let x(w) = 15091*w + 60970. What is x(-4)?
606
Let h(a) = 3621*a - 101118. Give h(28).
270
Let h(p) = -29*p**2 - 594*p - 140. Determine h(-20).
140
Let l(n) = -1845*n + 29457. Determine l(16).
-63
Let b(n) = -259112*n + 518138. Give b(2).
-86
Let p(g) = g**3 - 19*g**2 + 185*g - 877. Determine p(7).
-170
Let u(v) = -v**3 + 39*v**2 + 220*v - 80. Determine u(-6).
220
Let c(k) = -2*k**2 + 29874*k + 209099. Give c(-7).
-117
Let z(t) = -3*t**3 - 1281*t**2 - 151*t - 64471. Give z(-427).
6
Let f(k) = 563*k - 121276. Calculate f(215).
-231
Let h(u) = u**3 - 54*u**2 + 649*u + 232. Calculate h(30).
-1898
Let b(c) = c**2 + 2006*c - 1647. What is b(0)?
-1647
Let y(d) = d**3 - 16*d**2 - 3996*d + 71267. What is y(18)?
-13
Let d(m) = -114*m**2 + 2926*m - 1912. Calculate d(25).
-12
Let s(f) = 22*f**2 - 53*f + 47. Calculate s(5).
332
Let z(v) = v**3 + 485*v**2 + 58783*v + 1739. Determine z(-248).
3
Let c(b) = -b**3 - 251*b**2 + 566*b + 15189. Calculate c(-253).
9
Let n(z) = -18*z**2 + 1536*z + 789. What is n(85)?
1299
Let d(v) = -2*v**3 - 13*v**2 + 1708*v + 11918. Give d(-7).
11
Let n(s) = -2*s**2 + 1218*s + 6129. Determine n(-5).
-11
Let v(g) = 8321*g - 366620. What is v(44)?
-496
Let q(j) = j**3 - 3*j**2 + 128*j + 942. What is q(-7)?
-444
Let k(h) = -42*h**2 - 300*h + 10. What is k(-7)?
52
Let z(a) = 3*a**3 + 43*a**2 - 47*a - 46. Calculate z(-14).
808
Let r(x) = 51337*x + 770049. Give r(-15).
-6
Let w(r) = -r**3 + 2*r**2 - 2134*r + 6424. Determine w(3).
13
Let o(d) = -771*d**2 - 54*d + 3. What is o(-1)?
-714
Let f(r) = 1508*r - 29467. Determine f(19).
-815
Let h(m) = 356*m - 71209. Determine h(200).
-9
Let p(h) = -17*h**2 + 67*h - 474. Give p(6).
-684
Let d(r) = 6*r**2 - 27321*r - 109288. Give d(-4).
92
Let q(x) = 459*x + 885. Determine q(0).
885
Let i(j) = 68*j - 9772. Calculate i(144).
20
Let n(b) = b**2 + 5843*b - 1396780. Give n(230).
10
Let r(a) = a**2 + 172*a - 2085. Determine r(13).
320
Let a(d) = -1170*d - 8216. Give a(-7).
-26
Let r(h) = -48*h**2 + 13529*h - 1149. Give r(282).
-3123
Let a(y) = y**3 - 42*y**2 + 327*y - 318. What is a(15)?
-1488
Let t(z) = 3*z**3 - 122*z**2 - 224*z + 8878. Give t(41).
1375
Let r(u) = -199*u - 962. Calculate r(-3).
-365
Let m(n) = n**3 + 686*n**2 - 26018*n - 18795. Calculate m(-722).
-23
Let x(w) = -w**2 - 2281*w + 411442. Determine x(168).
10
Let f(n) = 2562*n + 25861. Calculate f(-10).
241
Let q(l) = 241*l**2 - 967*l + 9. Calculate q(4).
-3
Let x(i) = 5341*i - 192286. Determine x(36).
-10
Let b(v) = 97587*v + 1463807. Determine b(-15).
2
Let c(r) = -354*r + 1734. Calculate c(5).
-36
Let g(r) = -290*r**3 - 2*r**2 + 2592*r - 5182. Give g(2).
-2326
Let w(c) = -270*c - 11570. Determine w(-43).
40
Let q(t) = t**3 + 76*t**2 + 367*t + 5630. Calculate q(-72).
-58
Let z(c) = -c**3 - 43*c**2 - 115*c - 6987. Give z(-44).
9
Let d(j) = 332*j**2 - 2865*j + 1684. Determine d(8).
12
Let x(k) = 393*k**2 + 73886*k + 334. Determine x(-188).
-42
Let m(h) = 4848*h - 344. What is m(0)?
-344
Let o(f) = -20*f**2 + 407*f - 840. Calculate o(18).
6
Let g(z) = -1381*z - 10. Calculate g(1).
-1391
Let m(o) = -55*o**3 - 3*o**2 - 20*o - 256. What is m(0)?
-256
Let y(w) = 2*w**3 + 124*w**2 + 449*w - 1064. Give y(-58).
-194
Let m(x) = 318*x + 25116. What is m(-79)?
-6
Let u(a) = -2049*a - 26551. Give u(-13).
86
Let q(c) = -66*c**2 - 38804*c + 2363. What is q(-588)?
11
Let k(d) = -58537*d - 1112180. Calculate k(-19).
23
Let g(h) = 2*h**2 - 162*h + 4586. What is g(57)?
1850
Let l(w) = -130*w**2 + 1154*w + 1293. Determine l(-1).
9
Let m(w) = 2*w**3 + 55*w**2 + 212*w + 157. What is m(-1)?
-2
Let f(j) = -942*j - 82883. Determine f(-88).
13
Let r(n) = -79356*n - 238091. Determine r(-3).
-23
Let d(f) = -70*f**3 + 21*f**2 - 11*f + 25. Give d(2).
-473
Let r(f) = -6162*f - 511542. Determine r(-83).
-96
Let y(o) = -11*o**3 + 3*o**2 - 11151*o + 11149. Calculate y(1).
-10
Let o(j) = 659*j - 30646. Give o(46).
-332
Let r(c) = 2*c**2 - 1299*c - 110374. What is r(-76)?
-98
Let c(m) = 99*m - 585. Determine c(4).
-189
Let n(l) = -968*l + 21982. What is n(23)?
-282
Let v(p) = 2124*p - 21292. Determine v(10).
-52
Let s(t) = 